1 - 6369. What are the prime factors of k?
487
Let u(n) = -35*n**3 - 10*n**2 + 15*n + 132. List the prime factors of u(-8).
2, 3, 11, 131
Let w = 16759 - -9237. List the prime factors of w.
2, 67, 97
Suppose 12*o - 4866 = 16974. Suppose 0 = 2*y, -3*k - 2*k - 4*y + o = 0. What are the prime factors of k?
2, 7, 13
Let s be (-3 - -1) + (-9 - 1). Let m be (-1 - 2)*(-30)/(-18). What are the prime factors of (-732)/(-30) + (2 - s/m)?
2, 3
Suppose 0 = 139*h - 141*h + 4224 - 458. What are the prime factors of h?
7, 269
Suppose 9 - 23 = -7*s. Let t(j) = -j + 4*j + 13 - s*j. What are the prime factors of t(-8)?
5
Suppose -62*n + 2707 = -61*n. Suppose 5677 = 8*p - n. What are the prime factors of p?
2, 131
Let g be (8 + -4123)*(-8)/10. Suppose 127 = -15*a + g. What are the prime factors of a?
211
Suppose 0 = o + 4*n - 12011, 5*o + 15*n - 14*n - 60055 = 0. What are the prime factors of o?
12011
Let c(j) = -2*j - 16 + 3*j**2 + 3*j - 2*j. Let l be c(9). Suppose 861 = 5*u + 3*y + l, -4*y = -2*u + 252. List the prime factors of u.
2
Let l(t) = 6*t**2 - 465*t + 1107. What are the prime factors of l(117)?
2, 3, 89
Suppose -32266 = -5*j + 2*g, j + 2*g - 8726 + 2268 = 0. What are the prime factors of j?
2, 7, 461
Suppose -b + 420 = 2*b. Suppose -6*y - y = -b. Let a = y - 9. What are the prime factors of a?
11
Suppose -207650 = -5*r + 5*m, -3*m = r - 49160 + 7614. What are the prime factors of r?
2, 19, 1093
Let r = 76 - 58. Let w(j) = 7*j + 4*j - r*j + 1 + 5*j + j**2. What are the prime factors of w(4)?
3
Let t(u) be the second derivative of 43*u**4/3 - u**3/6 + u**2 - 39*u + 2. What are the prime factors of t(2)?
2, 43
Let l = 82224 - 48301. What are the prime factors of l?
33923
Let w(q) = -1534*q - 5196. What are the prime factors of w(-33)?
2, 3, 67, 113
Suppose 11 = -67*w + 78*w. What are the prime factors of (3/w + 1)*121 + -1?
3, 7, 23
Suppose -o - 122 + 128 = 0. Suppose 0 = 19*g - o*g - 5226. List the prime factors of g.
2, 3, 67
Suppose -3*m + 47692 = 2*p, -967 - 46715 = -2*p + 2*m. List the prime factors of p.
113, 211
Let b be ((-266)/49 - -5)/(2/(-14)). Suppose 1499 = i - b*z, -6*i + 4*i - 5*z = -2976. List the prime factors of i.
1493
Suppose 0 = -9*d + 4*d. Suppose l + 4*q = 75, d = 2*l - 3*q - 4 - 190. List the prime factors of l.
7, 13
Suppose 0 = -153*d + 614*d - 1506548. List the prime factors of d.
2, 19, 43
Let b = -44654 - -86944. List the prime factors of b.
2, 5, 4229
Suppose -4*a + 22 - 40 = -5*k, -4*k + 18 = -2*a. Let y(h) be the third derivative of 5*h**4/6 - 43*h**3/6 + 4*h**2. List the prime factors of y(k).
7, 11
Let d = -44 - -48. Let l be 28*(d - 92/16). Let v = 86 + l. List the prime factors of v.
37
Let b(h) = 2*h**3 - 6*h**2 + 3*h - 5. Let s be 1827/(-39) + (-2)/13. Let m = 52 + s. What are the prime factors of b(m)?
2, 5, 11
Let m(u) = -2219*u**3 + u**2 - 5*u - 17. Let x be m(-2). Suppose 15*f = 8861 + x. List the prime factors of f.
2, 887
Suppose -12041*s = -11985*s - 219744. List the prime factors of s.
2, 3, 109
Let u(z) = 26*z**2 + 71*z + 665. What are the prime factors of u(-9)?
2, 13, 41
Let r = 4133 - -11428. List the prime factors of r.
3, 7, 13, 19
Let l = 27273 - 18855. List the prime factors of l.
2, 3, 23, 61
Suppose -2*g = -3*g + 4. Let y = 3 + 68. List the prime factors of (-1 + g - 3) + y.
71
Let z = 31135 + -19291. What are the prime factors of z?
2, 3, 7, 47
Let k(l) = -42*l**2 - 5*l + 5. Let m be k(2). Let c = -395 - m. Let f = -96 - c. List the prime factors of f.
2, 3, 7
Suppose -16 = -3*s + 5*a, 2*s = -s - 3*a. Suppose -359 - 341 = -s*t. What are the prime factors of t?
2, 5, 7
Let s = 14824 - 8764. What are the prime factors of s?
2, 3, 5, 101
Let u = -9 + -36. Let v = -37 - u. Suppose -10*j = -v*j - 136. List the prime factors of j.
2, 17
Suppose 338*s = 337*s + 10. Suppose s*k + 2259 = 20479. What are the prime factors of k?
2, 911
Let f(h) = -h**3 - 5*h**2 - h - 1. Let g be f(-5). Suppose 4*v = -b + 455, 3*b = g + 5. What are the prime factors of v + 0 - (1 + 0 + -3)?
5, 23
List the prime factors of (48/(-64)*206)/((-1)/142).
3, 71, 103
Suppose -5*m + u + u = 131, 4*u - 127 = 5*m. Let j = -4316 - -4270. Let q = m - j. What are the prime factors of q?
19
Suppose 4*m - k = 13, 15*m - 10*m = 2*k + 20. Suppose 4*f + 567 = 3*s - 794, -869 = -m*s - 5*f. List the prime factors of s.
3, 149
Suppose -12*l + 48870 = 18*l. Let m = l + -934. What are the prime factors of m?
5, 139
Suppose 4*y = 4*h, -5*h + 6 - 2 = -4*y. Suppose -5*b - 3403 = -y*d, 3*d - 5*d - 5*b + 1679 = 0. List the prime factors of d.
7, 11
Suppose 0 = 5*o + t - 26, -3*o = 4*t - 0*t - 19. Suppose 2*n - 1606 = -3*p + 974, 0 = -o*p + 3*n + 4281. What are the prime factors of p?
2, 3, 11, 13
Suppose 0 = -3*v - 4686 + 37266. List the prime factors of v.
2, 3, 5, 181
Let g = 10978 - 6963. List the prime factors of g.
5, 11, 73
Let c(s) = -14*s**2 + 9 - 4*s + 23*s**2 - 10*s**2. Let z be c(-6). List the prime factors of ((-73)/5 - -1)*(-7 + z).
2, 17
Let y = -4493 - -6351. What are the prime factors of y?
2, 929
Suppose 197*m - 55 = 192*m. Suppose a + 5*b = b - m, -3*b = 2*a + 2. Suppose a*l + 283 + 526 = 4*d, -2*d = -l - 403. What are the prime factors of d?
3, 67
Let j(t) = -t**3 - 100*t**2 - 423*t - 187. List the prime factors of j(-100).
23, 1831
Let h be 99/(-21) - (-10)/(-35). Let d(g) = g**3 + 7*g**2 + 5*g - 8. Let j be d(h). Suppose -12*n = -j*n + 1095. What are the prime factors of n?
3, 73
Let i = -4383 + 5283. List the prime factors of i.
2, 3, 5
Let d be 1/(-2)*-1 - (-687)/(-2). Let t = 642 + d. What are the prime factors of t?
13, 23
Suppose -761 = 6*x - 449. Let u = 321 + x. List the prime factors of u.
269
Let g = 53 + -35. Let y = g - 14. Suppose 15 = 3*f, -y*f = -4*m + 59 + 73. What are the prime factors of m?
2, 19
Let m(b) = -51*b + 12. Suppose -4*f = -2*f + 6. Let c be m(f). Suppose -2*l = -13 - c. List the prime factors of l.
89
Let a(h) = -9*h - 32. Suppose -35*o - 15 = -40*o. Let z(g) = 17*g + 63. Let w(r) = o*z(r) + 5*a(r). List the prime factors of w(16).
5
Let i(c) = -2*c**2 - 91. Let s be i(12). Let g = 398 + s. What are the prime factors of g?
19
Let a(r) = -726*r**2 + 88*r - 103. Let x(v) = 242*v**2 - 30*v + 34. Let k(s) = -4*a(s) - 11*x(s). What are the prime factors of k(2)?
2, 13, 37
Let k(s) = 3*s - 18. Let y be k(7). List the prime factors of (y*25/30)/(1/2).
5
Let o(w) = -14*w - 73. Let g be o(-6). Let q be (33/(-6))/g*-2138. Suppose q - 3085 = -8*l. What are the prime factors of l?
2, 3, 7
Suppose 95*h - 4878783 = -112*h. What are the prime factors of h?
7, 13, 37
Suppose 269*g - 293*g + 35280 = 0. What are the prime factors of g?
2, 3, 5, 7
List the prime factors of (-158254)/(-50) + (-24)/300.
3, 5, 211
Suppose -215 = -8*u - 119. Suppose u*q - 2303 = -95. List the prime factors of q.
2, 23
Suppose -53 + 103 = 5*t. Let a be (-241 + 4)/((-3)/t). Suppose -h = 3*c - 0*c - 482, h + a = 5*c. What are the prime factors of c?
3, 53
Let c = 582 - 407. Let x = 568 - 618. Let m = c + x. List the prime factors of m.
5
Suppose -89*d + 94*d - 6627 = -2*h, 3322 = h - 6*d. List the prime factors of h.
2, 829
Let a be (-1)/5*-967 - 18/(-30). Let m = 202 + a. List the prime factors of m.
2, 3, 11
Let t be (28 + -27)/((-1)/6). List the prime factors of -6*t/144 - 11/(-4).
3
Let a = 18525 - 12236. What are the prime factors of a?
19, 331
Let s = -62 + 494. List the prime factors of (15*2/(-9))/((-2)/s).
2, 3, 5
Let g be 16/(-72) + (-76)/(-18). Suppose 4*r = 2*p - 7*p - 19, 4*p = -g*r - 16. Let w(n) = -65*n + 1. List the prime factors of w(r).
2, 3, 11
Suppose -1107 = -13*k - 14*k. List the prime factors of (k + 1)*(3 - 1).
2, 3, 7
Let a be 3/(3 + (-4 - 3) + 3). Let x be (8 + a - 1) + -2. Let l = 100 - x. List the prime factors of l.
2, 7
Let u = -17 + 19. Let p be -3*u/5*5. Let b(y) = -3*y**3 - 18*y**2 - 18*y + 4. List the prime factors of b(p).
2, 7
Let v(l) = -57*l**2 + 24*l**2 + 36*l**2 - 20 + 7*l. List the prime factors of v(9).
2, 11, 13
Let m be (1/1)/(5/65). Suppose 702 = -4*u + m*u. What are the prime factors of u?
2, 3, 13
Suppose -z + 2*t + 730 = -322, 1050 = z - 3*t. Let j = z + -227. List the prime factors of j.
829
Let n(w) = -35*w - 89. Let j(l) = -34*l - 89. Let v(z) = 6*j(z) - 7*n(z). List the prime factors of v(9)